{"id":41,"date":"2021-01-27T17:38:31","date_gmt":"2021-01-27T17:38:31","guid":{"rendered":"https:\/\/brauch-casting.de\/?page_id=41"},"modified":"2023-09-16T20:10:54","modified_gmt":"2023-09-16T20:10:54","slug":"front-page","status":"publish","type":"page","link":"https:\/\/brauch-casting.de\/","title":{"rendered":"Herzlich willkommen auf der Seite von Brauch Casting"},"content":{"rendered":"\n<p class=\"has-text-align-left\"><br>Wir casten f\u00fcr Ihre Film- oder Fernsehproduktion.<br>\nVier langj\u00e4hrig ge\u00fcbte Augen f\u00fcr das Schauspielhandwerk, eine gute Vernetzung besonders im Bereich der bayerischen TV-Produktionen, Schnelligkeit und Freundlichkeit zeichnen uns aus. <\/p>\n\n\n\n<p>Rufen Sie uns an oder schreiben Sie uns eine Email. Wir suchen die perfekte Besetzung f\u00fcr Sie!<\/p>\n\n\n\n<p>Viele Gr\u00fc\u00dfe Percy &amp; Karen Brauch<br><br><\/p>\n\n\n\n<p><\/p>\n\n\n\n<p>Telefon 0841 &#8211; 88 68 97 12<br><a href=\"mailto:mail@brauch-casting.de\">mail@brauch-casting.de<\/a><br><br><br><br><\/p>\n\n\n\n<p><\/p>\n\n\n\n<p><\/p>\n\n\n\n<p><br><br><\/p>\n\n\n\n<p><\/p>\n\n\n\n<p class=\"has-medium-font-size\">Referenzen<\/p>\n\n\n\n<p class=\"a:link { color: blue; } a:hover red;\">&#8222;<a data-type=\"URL\" data-id=\"https:\/\/www.br.de\/br-fernsehen\/sendungen\/dahoam-is-dahoam\/dahoam-is-dahoam110.html\" href=\"https:\/\/www.br.de\/br-fernsehen\/sendungen\/dahoam-is-dahoam\/dahoam-is-dahoam110.html\" target=\"_blank\" rel=\"noreferrer noopener\">Dahoam is dahoam<\/a>&#8220; (<a href=\"https:\/\/www.constantin-film.de\/unternehmen\/constantin-television\/\" target=\"_blank\" rel=\"noreferrer noopener\">Constantin Television GmbH<\/a>)<br>Komplette Besetzung aller Haupt- und Episodenrollen, 2011 &#8211; 2020<\/p>\n\n\n\n<p>&#8222;<a href=\"https:\/\/www.br.de\/br-fernsehen\/sendungen\/dahoam-is-dahoam\/dahoam-is-dahoam110.html\" target=\"_blank\" rel=\"noreferrer noopener\">Dahoam is dahoam<\/a>&#8220; (<a href=\"https:\/\/www.constantin-film.de\/tv\/dahoam-is-dahoam\/\" target=\"_blank\" rel=\"noreferrer noopener\">Dahoam Television GmbH<\/a>)<br>Weiterhin Besetzung aller Haupt- und Episodenrollen, seit 2021<\/p>\n\n\n\n<p>&#8222;<a href=\"https:\/\/www.daserste.de\/unterhaltung\/serie\/watzmann-ermittelt\/index.html\" target=\"_blank\" rel=\"noreferrer noopener\">Watzmann ermittelt<\/a>&#8220; (<a data-type=\"URL\" data-id=\"https:\/\/www.luckybirdpictures.de\/de\" href=\"https:\/\/www.luckybirdpictures.de\/de\" target=\"_blank\" rel=\"noreferrer noopener\">Lucky Bird Pictures GmbH<\/a>)<br>Besetzung neuer Hauptrollen und aller Episodenrollen, seit 2021<\/p>\n\n\n\n<p class=\"a:link { color: blue; } a:hover red;\">&#8222;<a href=\"https:\/\/presseportal.zdf.de\/pm\/kanzlei-berger\/\" target=\"_blank\" rel=\"noreferrer noopener\">Kanzlei Berger<\/a>&#8220; (<a href=\"https:\/\/www.constantin-film.de\/unternehmen\/constantin-television\/\" target=\"_blank\" rel=\"noreferrer noopener\">Constantin Television GmbH<\/a>)<br>Casting der beiden Hauptrollen, 2018<\/p>\n\n\n\n<p><br><br><br><br><\/p>\n\n\n\n<p><\/p>\n\n\n\n<p><br><\/p>\n\n\n\n<p class=\"has-medium-font-size\">Impressum<\/p>\n\n\n\n<p>Brauch Casting GbR<br>Percy &amp; Karen Brauch<br>Feldkirchener Str. 44<br>85055 Ingolstadt<\/p>\n\n\n\n<p>Telefon 0841 &#8211; 88 68 97 12<\/p>\n\n\n\n<p><a href=\"mailto:mail@brauch-casting.de\">mail@brauch-casting.de<\/a><br><a href=\"http:\/\/www.brauch-casting.de\">www.brauch-casting.de<\/a><\/p>\n\n\n\n<p>Firmensitz: Ingolstadt<br>Inhaber: Percy &amp; Karen Brauch<br><br><br><\/p>\n\n\n\n<p><\/p>\n\n\n\n<p><\/p>\n\n\n\n<p><br><br><\/p>\n\n\n\n<p><\/p>\n","protected":false},"excerpt":{"rendered":"<p>Wir casten f\u00fcr Ihre Film- oder Fernsehproduktion. Vier langj\u00e4hrig ge\u00fcbte Augen f\u00fcr das Schauspielhandwerk, eine gute Vernetzung besonders im Bereich der bayerischen TV-Produktionen, Schnelligkeit und Freundlichkeit zeichnen uns aus. Rufen Sie uns an oder schreiben Sie uns eine Email. Wir suchen die perfekte Besetzung f\u00fcr Sie! Viele Gr\u00fc\u00dfe Percy &amp; Karen Brauch Telefon 0841 &#8211; [&hellip;]<\/p>\n","protected":false},"author":1,"featured_media":0,"parent":0,"menu_order":0,"comment_status":"closed","ping_status":"closed","template":"","meta":{"footnotes":""},"yoast_head":"<!-- This site is optimized with the Yoast SEO plugin v22.6 - https:\/\/yoast.com\/wordpress\/plugins\/seo\/ -->\n<title>Herzlich willkommen auf der Seite von Brauch Casting &#8212; brauch-casting %<\/title>\n<meta name=\"description\" content=\"Wir casten SchauspielerInnen f\u00fcr Film- oder Fernsehproduktionen. Vier langj\u00e4hrig ge\u00fcbte Augen f\u00fcr das Schauspielhandwerk, sowie eine gute Vernetzung besonders im Bereich der bayerischen TV-Produktionen, Schnelligkeit und Freundlichkeit zeichnen uns aus. Wir sorgen f\u00fcr gute Atmosph\u00e4re f\u00fcr SchauspielerInnen beim Casting.\" \/>\n<meta name=\"robots\" content=\"index, follow, max-snippet:-1, max-image-preview:large, max-video-preview:-1\" \/>\n<link rel=\"canonical\" href=\"https:\/\/brauch-casting.de\/\" \/>\n<meta property=\"og:locale\" content=\"de_DE\" \/>\n<meta property=\"og:type\" content=\"article\" \/>\n<meta property=\"og:title\" content=\"Herzlich willkommen auf der Seite von Brauch Casting &#8212; brauch-casting %\" \/>\n<meta property=\"og:description\" content=\"Wir casten SchauspielerInnen f\u00fcr Film- oder Fernsehproduktionen. Vier langj\u00e4hrig ge\u00fcbte Augen f\u00fcr das Schauspielhandwerk, sowie eine gute Vernetzung besonders im Bereich der bayerischen TV-Produktionen, Schnelligkeit und Freundlichkeit zeichnen uns aus. Wir sorgen f\u00fcr gute Atmosph\u00e4re f\u00fcr SchauspielerInnen beim Casting.\" \/>\n<meta property=\"og:url\" content=\"https:\/\/brauch-casting.de\/\" \/>\n<meta property=\"article:modified_time\" content=\"2023-09-16T20:10:54+00:00\" \/>\n<meta name=\"twitter:card\" content=\"summary_large_image\" \/>\n<meta name=\"twitter:label1\" content=\"Gesch\u00e4tzte Lesezeit\" \/>\n\t<meta name=\"twitter:data1\" content=\"2\u00a0Minuten\" \/>\n<script type=\"application\/ld+json\" class=\"yoast-schema-graph\">{\"@context\":\"https:\/\/schema.org\",\"@graph\":[{\"@type\":\"WebPage\",\"@id\":\"https:\/\/brauch-casting.de\/\",\"url\":\"https:\/\/brauch-casting.de\/\",\"name\":\"Herzlich willkommen auf der Seite von Brauch Casting &#8212; brauch-casting %\",\"isPartOf\":{\"@id\":\"https:\/\/brauch-casting.de\/#website\"},\"datePublished\":\"2021-01-27T17:38:31+00:00\",\"dateModified\":\"2023-09-16T20:10:54+00:00\",\"description\":\"Wir casten SchauspielerInnen f\u00fcr Film- oder Fernsehproduktionen. Vier langj\u00e4hrig ge\u00fcbte Augen f\u00fcr das Schauspielhandwerk, sowie eine gute Vernetzung besonders im Bereich der bayerischen TV-Produktionen, Schnelligkeit und Freundlichkeit zeichnen uns aus. Wir sorgen f\u00fcr gute Atmosph\u00e4re f\u00fcr SchauspielerInnen beim Casting.\",\"breadcrumb\":{\"@id\":\"https:\/\/brauch-casting.de\/#breadcrumb\"},\"inLanguage\":\"de\",\"potentialAction\":[{\"@type\":\"ReadAction\",\"target\":[\"https:\/\/brauch-casting.de\/\"]}]},{\"@type\":\"BreadcrumbList\",\"@id\":\"https:\/\/brauch-casting.de\/#breadcrumb\",\"itemListElement\":[{\"@type\":\"ListItem\",\"position\":1,\"name\":\"Startseite\",\"item\":\"https:\/\/brauch-casting.de\/\"},{\"@type\":\"ListItem\",\"position\":2,\"name\":\"Herzlich willkommen auf der Seite von Brauch Casting\"}]},{\"@type\":\"WebSite\",\"@id\":\"https:\/\/brauch-casting.de\/#website\",\"url\":\"https:\/\/brauch-casting.de\/\",\"name\":\"Brauch Casting GbR\",\"description\":\"Brauch Casting Casting Agentur f\u00fcr Film und Fernsehen\",\"publisher\":{\"@id\":\"https:\/\/brauch-casting.de\/#organization\"},\"potentialAction\":[{\"@type\":\"SearchAction\",\"target\":{\"@type\":\"EntryPoint\",\"urlTemplate\":\"https:\/\/brauch-casting.de\/?s={search_term_string}\"},\"query-input\":\"required name=search_term_string\"}],\"inLanguage\":\"de\"},{\"@type\":\"Organization\",\"@id\":\"https:\/\/brauch-casting.de\/#organization\",\"name\":\"Brauch Casting GbR\",\"url\":\"https:\/\/brauch-casting.de\/\",\"logo\":{\"@type\":\"ImageObject\",\"inLanguage\":\"de\",\"@id\":\"https:\/\/brauch-casting.de\/#\/schema\/logo\/image\/\",\"url\":\"https:\/\/brauch-casting.de\/wp-content\/uploads\/2021\/01\/cropped-cropped-BriefkopfOraFin-3-scaled-2.jpg\",\"contentUrl\":\"https:\/\/brauch-casting.de\/wp-content\/uploads\/2021\/01\/cropped-cropped-BriefkopfOraFin-3-scaled-2.jpg\",\"width\":2560,\"height\":460,\"caption\":\"Brauch Casting GbR\"},\"image\":{\"@id\":\"https:\/\/brauch-casting.de\/#\/schema\/logo\/image\/\"}}]}<\/script>\n<!-- \/ Yoast SEO plugin. -->","yoast_head_json":{"title":"Herzlich willkommen auf der Seite von Brauch Casting &#8212; brauch-casting %","description":"Wir casten SchauspielerInnen f\u00fcr Film- oder Fernsehproduktionen. Vier langj\u00e4hrig ge\u00fcbte Augen f\u00fcr das Schauspielhandwerk, sowie eine gute Vernetzung besonders im Bereich der bayerischen TV-Produktionen, Schnelligkeit und Freundlichkeit zeichnen uns aus. Wir sorgen f\u00fcr gute Atmosph\u00e4re f\u00fcr SchauspielerInnen beim Casting.","robots":{"index":"index","follow":"follow","max-snippet":"max-snippet:-1","max-image-preview":"max-image-preview:large","max-video-preview":"max-video-preview:-1"},"canonical":"https:\/\/brauch-casting.de\/","og_locale":"de_DE","og_type":"article","og_title":"Herzlich willkommen auf der Seite von Brauch Casting &#8212; brauch-casting %","og_description":"Wir casten SchauspielerInnen f\u00fcr Film- oder Fernsehproduktionen. Vier langj\u00e4hrig ge\u00fcbte Augen f\u00fcr das Schauspielhandwerk, sowie eine gute Vernetzung besonders im Bereich der bayerischen TV-Produktionen, Schnelligkeit und Freundlichkeit zeichnen uns aus. Wir sorgen f\u00fcr gute Atmosph\u00e4re f\u00fcr SchauspielerInnen beim Casting.","og_url":"https:\/\/brauch-casting.de\/","article_modified_time":"2023-09-16T20:10:54+00:00","twitter_card":"summary_large_image","twitter_misc":{"Gesch\u00e4tzte Lesezeit":"2\u00a0Minuten"},"schema":{"@context":"https:\/\/schema.org","@graph":[{"@type":"WebPage","@id":"https:\/\/brauch-casting.de\/","url":"https:\/\/brauch-casting.de\/","name":"Herzlich willkommen auf der Seite von Brauch Casting &#8212; brauch-casting %","isPartOf":{"@id":"https:\/\/brauch-casting.de\/#website"},"datePublished":"2021-01-27T17:38:31+00:00","dateModified":"2023-09-16T20:10:54+00:00","description":"Wir casten SchauspielerInnen f\u00fcr Film- oder Fernsehproduktionen. Vier langj\u00e4hrig ge\u00fcbte Augen f\u00fcr das Schauspielhandwerk, sowie eine gute Vernetzung besonders im Bereich der bayerischen TV-Produktionen, Schnelligkeit und Freundlichkeit zeichnen uns aus. Wir sorgen f\u00fcr gute Atmosph\u00e4re f\u00fcr SchauspielerInnen beim Casting.","breadcrumb":{"@id":"https:\/\/brauch-casting.de\/#breadcrumb"},"inLanguage":"de","potentialAction":[{"@type":"ReadAction","target":["https:\/\/brauch-casting.de\/"]}]},{"@type":"BreadcrumbList","@id":"https:\/\/brauch-casting.de\/#breadcrumb","itemListElement":[{"@type":"ListItem","position":1,"name":"Startseite","item":"https:\/\/brauch-casting.de\/"},{"@type":"ListItem","position":2,"name":"Herzlich willkommen auf der Seite von Brauch Casting"}]},{"@type":"WebSite","@id":"https:\/\/brauch-casting.de\/#website","url":"https:\/\/brauch-casting.de\/","name":"Brauch Casting GbR","description":"Brauch Casting Casting Agentur f\u00fcr Film und Fernsehen","publisher":{"@id":"https:\/\/brauch-casting.de\/#organization"},"potentialAction":[{"@type":"SearchAction","target":{"@type":"EntryPoint","urlTemplate":"https:\/\/brauch-casting.de\/?s={search_term_string}"},"query-input":"required name=search_term_string"}],"inLanguage":"de"},{"@type":"Organization","@id":"https:\/\/brauch-casting.de\/#organization","name":"Brauch Casting GbR","url":"https:\/\/brauch-casting.de\/","logo":{"@type":"ImageObject","inLanguage":"de","@id":"https:\/\/brauch-casting.de\/#\/schema\/logo\/image\/","url":"https:\/\/brauch-casting.de\/wp-content\/uploads\/2021\/01\/cropped-cropped-BriefkopfOraFin-3-scaled-2.jpg","contentUrl":"https:\/\/brauch-casting.de\/wp-content\/uploads\/2021\/01\/cropped-cropped-BriefkopfOraFin-3-scaled-2.jpg","width":2560,"height":460,"caption":"Brauch Casting GbR"},"image":{"@id":"https:\/\/brauch-casting.de\/#\/schema\/logo\/image\/"}}]}},"_links":{"self":[{"href":"https:\/\/brauch-casting.de\/index.php?rest_route=\/wp\/v2\/pages\/41"}],"collection":[{"href":"https:\/\/brauch-casting.de\/index.php?rest_route=\/wp\/v2\/pages"}],"about":[{"href":"https:\/\/brauch-casting.de\/index.php?rest_route=\/wp\/v2\/types\/page"}],"author":[{"embeddable":true,"href":"https:\/\/brauch-casting.de\/index.php?rest_route=\/wp\/v2\/users\/1"}],"replies":[{"embeddable":true,"href":"https:\/\/brauch-casting.de\/index.php?rest_route=%2Fwp%2Fv2%2Fcomments&post=41"}],"version-history":[{"count":100,"href":"https:\/\/brauch-casting.de\/index.php?rest_route=\/wp\/v2\/pages\/41\/revisions"}],"predecessor-version":[{"id":332,"href":"https:\/\/brauch-casting.de\/index.php?rest_route=\/wp\/v2\/pages\/41\/revisions\/332"}],"wp:attachment":[{"href":"https:\/\/brauch-casting.de\/index.php?rest_route=%2Fwp%2Fv2%2Fmedia&parent=41"}],"curies":[{"name":"wp","href":"https:\/\/api.w.org\/{rel}","templated":true}]}}